{"id":2,"date":"2025-01-14T09:59:03","date_gmt":"2025-01-14T09:59:03","guid":{"rendered":"http:\/\/logopaedie-hobel.at\/?page_id=2"},"modified":"2025-09-12T11:19:47","modified_gmt":"2025-09-12T11:19:47","slug":"ueber-mich","status":"publish","type":"page","link":"https:\/\/logopaedie-hobel.at\/index.php\/ueber-mich\/","title":{"rendered":"\u00dcber uns"},"content":{"rendered":"\n<div class=\"wp-block-group is-layout-grid wp-container-core-group-is-layout-478b6e6b wp-block-group-is-layout-grid\">\n<h2 class=\"wp-block-heading wp-container-content-e29552f7\">Jasmin<\/h2>\n\n\n\n<figure class=\"wp-block-gallery has-nested-images columns-default is-cropped wp-block-gallery-1 is-layout-flex wp-block-gallery-is-layout-flex\">\n<figure class=\"wp-block-image size-large\"><img fetchpriority=\"high\" decoding=\"async\" width=\"682\" height=\"1024\" data-id=\"135\" src=\"https:\/\/logopaedie-hobel.at\/wp-content\/uploads\/2025\/03\/20250206-DSC01980-682x1024.jpg\" alt=\"\" class=\"wp-image-135\" srcset=\"https:\/\/logopaedie-hobel.at\/wp-content\/uploads\/2025\/03\/20250206-DSC01980-682x1024.jpg 682w, https:\/\/logopaedie-hobel.at\/wp-content\/uploads\/2025\/03\/20250206-DSC01980-200x300.jpg 200w, https:\/\/logopaedie-hobel.at\/wp-content\/uploads\/2025\/03\/20250206-DSC01980-768x1152.jpg 768w, https:\/\/logopaedie-hobel.at\/wp-content\/uploads\/2025\/03\/20250206-DSC01980-1024x1536.jpg 1024w, https:\/\/logopaedie-hobel.at\/wp-content\/uploads\/2025\/03\/20250206-DSC01980-1365x2048.jpg 1365w, https:\/\/logopaedie-hobel.at\/wp-content\/uploads\/2025\/03\/20250206-DSC01980-scaled.jpg 1706w\" sizes=\"(max-width: 682px) 100vw, 682px\" \/><\/figure>\n<\/figure>\n<\/div>\n\n\n\n<p>Mein Name ist Jasmin Hobel und ich freue mich, Ihnen hier einen kleinen Einblick in meinen beruflichen Werdegang und meine Praxis zu geben.<\/p>\n\n\n\n<p>Urspr\u00fcnglich habe ich eine Ausbildung zur B\u00fcrokauffrau abgeschlossen und anschlie\u00dfend als Kleinkinderzieherin gearbeitet. Doch der Wunsch, mich immer weiterzuentwickeln, f\u00fchrte mich zu einem ganz neuen beruflichen Weg. Nach der Geburt meiner beiden S\u00f6hne habe ich den Entschluss gefasst, meine Matura nachzuholen und im Anschluss ein Studium zu beginnen. 2020 habe ich schlie\u00dflich mein Studium zur Logop\u00e4din erfolgreich abgeschlossen. <\/p>\n\n\n\n<p>Von 2020 bis 2022 war ich als Logop\u00e4din an der Neurologie im Klinikum Klagenfurt t\u00e4tig, wo ich wertvolle Erfahrungen in der Behandlung von neurologischen Erkrankungen sammeln konnte. In dieser Zeit habe ich nebenbei freiberuflich gearbeitet und meine Leidenschaft f\u00fcr die Logop\u00e4die weiter vertieft.<\/p>\n\n\n\n<p>Im Januar 2022 erf\u00fcllte sich ein gro\u00dfer Traum von mir: Ich er\u00f6ffnete meine eigene Praxis in St. Kanzian. Hier biete ich meinen Patientinnen und Patienten eine individuelle, auf ihre Bed\u00fcrfnisse abgestimmte Therapie und freue mich, sie auf ihrem Weg zu einer besseren Kommunikation und Lebensqualit\u00e4t begleiten zu d\u00fcrfen.<\/p>\n\n\n\n<p>Meine berufliche Erfahrung und mein stetiges Streben nach Weiterbildung erm\u00f6glichen es mir, stets aktuelle und effektive Methoden in meiner Arbeit einzusetzen.<\/p>\n\n\n\n<p><\/p>\n\n\n\n<div class=\"wp-block-group is-layout-grid wp-container-core-group-is-layout-478b6e6b wp-block-group-is-layout-grid\">\n<h2 class=\"wp-block-heading wp-container-content-e29552f7\">Ingeborg<\/h2>\n\n\n\n<figure class=\"wp-block-gallery has-nested-images columns-default is-cropped wp-block-gallery-2 is-layout-flex wp-block-gallery-is-layout-flex\">\n<figure class=\"wp-block-image size-large\"><img decoding=\"async\" width=\"682\" height=\"1024\" data-id=\"137\" src=\"https:\/\/logopaedie-hobel.at\/wp-content\/uploads\/2025\/03\/20250206-DSC01996-682x1024.jpg\" alt=\"\" class=\"wp-image-137\" srcset=\"https:\/\/logopaedie-hobel.at\/wp-content\/uploads\/2025\/03\/20250206-DSC01996-682x1024.jpg 682w, https:\/\/logopaedie-hobel.at\/wp-content\/uploads\/2025\/03\/20250206-DSC01996-200x300.jpg 200w, https:\/\/logopaedie-hobel.at\/wp-content\/uploads\/2025\/03\/20250206-DSC01996-768x1152.jpg 768w, https:\/\/logopaedie-hobel.at\/wp-content\/uploads\/2025\/03\/20250206-DSC01996-1024x1536.jpg 1024w, https:\/\/logopaedie-hobel.at\/wp-content\/uploads\/2025\/03\/20250206-DSC01996-1365x2048.jpg 1365w, https:\/\/logopaedie-hobel.at\/wp-content\/uploads\/2025\/03\/20250206-DSC01996-scaled.jpg 1706w\" sizes=\"(max-width: 682px) 100vw, 682px\" \/><\/figure>\n<\/figure>\n<\/div>\n\n\n\n<p>Gerne stelle ich mich kurz vor. Mein Name ist Ingeborg Melischnig.<\/p>\n\n\n\n<p>Seit dem Jahr 2012 darf ich als Logop\u00e4din meinen erf\u00fcllenden Beruf aus\u00fcben. Davor war ich 9 Jahre lang als Bankangestellte t\u00e4tig. Die netten KollegInnen haben mir den Abschied schwer gemacht \u2013 trotzdem war der Wunsch nach Ver\u00e4nderung gr\u00f6\u00dfer, und es folgte ein Logop\u00e4die -Studium an der FH K\u00e4rnten.<\/p>\n\n\n\n<p>Ich bin verheiratet und Mama von drei aufgeweckten Kindern &#8211; Langeweile ist mir ein Fremdwort. Familie ist oft sch\u00f6n, kann jedoch auch herausfordernd sein. Diese Erfahrungen als Mama beeinflussen meinen Zugang zur logop\u00e4dischen Therapie mit Kindern enorm. Gemeinsam mit den Eltern werden realistische logop\u00e4dische Ziele besprochen und konkrete Mitarbeit zu Hause vereinbart, um damit die bestm\u00f6glichen Therapiebedingungen f\u00fcr das Kind zu schaffen. Empathie und Verst\u00e4ndnis f\u00fcr Familiensituationen sind dabei Grundpfeiler meiner logop\u00e4dischen Arbeit.<\/p>\n\n\n\n<p>Neben der Kindertherapie macht mir aber auch die Arbeit mit Erwachsenen sehr viel Freude. Wertvolle Erfahrungen in diesem Bereich durfte ich im LKH Wolfsberg sowie in meiner Freiberuflichkeit sammeln.<\/p>\n\n\n\n<p>Die R\u00fcckkehr nach der Karenz in meinen Beruf wurde im Herbst 2024 durch meine Kollegin Jasmin Hobel m\u00f6glich. \u00a0Den Austausch mit meiner tollen Kollegin, die M\u00f6glichkeit zur Weiterbildung und die Vereinbarkeit von Beruf und Familie sch\u00e4tze ich dabei besonders.<\/p>\n\n\n\n<p><\/p>\n\n\n\n<div class=\"wp-block-group is-layout-grid wp-container-core-group-is-layout-478b6e6b wp-block-group-is-layout-grid\">\n<h2 class=\"wp-block-heading wp-container-content-e29552f7\">Johanna<\/h2>\n\n\n\n<figure class=\"wp-block-gallery has-nested-images columns-default is-cropped wp-block-gallery-3 is-layout-flex wp-block-gallery-is-layout-flex\">\n<figure class=\"wp-block-image size-large\"><img decoding=\"async\" width=\"768\" height=\"1024\" data-id=\"190\" src=\"https:\/\/logopaedie-hobel.at\/wp-content\/uploads\/2025\/09\/johanna_huber-768x1024.jpg\" alt=\"\" class=\"wp-image-190\" srcset=\"https:\/\/logopaedie-hobel.at\/wp-content\/uploads\/2025\/09\/johanna_huber-768x1024.jpg 768w, https:\/\/logopaedie-hobel.at\/wp-content\/uploads\/2025\/09\/johanna_huber-225x300.jpg 225w, https:\/\/logopaedie-hobel.at\/wp-content\/uploads\/2025\/09\/johanna_huber-1152x1536.jpg 1152w, https:\/\/logopaedie-hobel.at\/wp-content\/uploads\/2025\/09\/johanna_huber-1536x2048.jpg 1536w, https:\/\/logopaedie-hobel.at\/wp-content\/uploads\/2025\/09\/johanna_huber-scaled.jpg 1920w\" sizes=\"(max-width: 768px) 100vw, 768px\" \/><\/figure>\n<\/figure>\n<\/div>\n\n\n\n<p>Ich hei\u00dfe Johanna Huber und im Folgenden finden Sie eine kurze Vorstellung von mir.<\/p>\n\n\n\n<p>Nach dem Erhalt meines HAK-Maturazeugnisses im Jahr 2021 war f\u00fcr mich schnell klar, dass ich meine berufliche Zukunft der Logop\u00e4die widmen m\u00f6chte. Im September 2022 begann ich daher meine Ausbildung zur Logop\u00e4din in Graz, w\u00e4hrend derer ich vielf\u00e4ltige praktische Erfahrungen sammeln und mir wertvolles Fachwissen aneignen konnte. Seit September 2025 bin ich in der Praxis Logop\u00e4die Jasmin Hobel zu finden, wo ich meine Leidenschaft f\u00fcr diesen Beruf entfalten darf.<\/p>\n\n\n\n<p>Es ist mir ein Anliegen, mein Wissen zu vertiefen und mich stets weiterzubilden, um meinen Patientinnen und Patienten die bestm\u00f6gliche Unterst\u00fctzung zu bieten. Besonders am Herzen liegt mir dabei ihr&nbsp;Wohlbefinden.<\/p>\n\n\n\n<p><\/p>\n","protected":false},"excerpt":{"rendered":"<p>Jasmin Mein Name ist Jasmin Hobel und ich freue mich, Ihnen hier einen kleinen Einblick in meinen beruflichen Werdegang und meine Praxis zu geben. Urspr\u00fcnglich habe ich eine Ausbildung zur B\u00fcrokauffrau abgeschlossen und anschlie\u00dfend als Kleinkinderzieherin gearbeitet. Doch der Wunsch, mich immer weiterzuentwickeln, f\u00fchrte mich zu einem ganz neuen beruflichen Weg. Nach der Geburt meiner [&hellip;]<\/p>\n","protected":false},"author":1,"featured_media":0,"parent":0,"menu_order":0,"comment_status":"closed","ping_status":"open","template":"","meta":{"footnotes":""},"class_list":["post-2","page","type-page","status-publish","hentry"],"aioseo_notices":[],"_links":{"self":[{"href":"https:\/\/logopaedie-hobel.at\/index.php\/wp-json\/wp\/v2\/pages\/2","targetHints":{"allow":["GET"]}}],"collection":[{"href":"https:\/\/logopaedie-hobel.at\/index.php\/wp-json\/wp\/v2\/pages"}],"about":[{"href":"https:\/\/logopaedie-hobel.at\/index.php\/wp-json\/wp\/v2\/types\/page"}],"author":[{"embeddable":true,"href":"https:\/\/logopaedie-hobel.at\/index.php\/wp-json\/wp\/v2\/users\/1"}],"replies":[{"embeddable":true,"href":"https:\/\/logopaedie-hobel.at\/index.php\/wp-json\/wp\/v2\/comments?post=2"}],"version-history":[{"count":13,"href":"https:\/\/logopaedie-hobel.at\/index.php\/wp-json\/wp\/v2\/pages\/2\/revisions"}],"predecessor-version":[{"id":191,"href":"https:\/\/logopaedie-hobel.at\/index.php\/wp-json\/wp\/v2\/pages\/2\/revisions\/191"}],"wp:attachment":[{"href":"https:\/\/logopaedie-hobel.at\/index.php\/wp-json\/wp\/v2\/media?parent=2"}],"curies":[{"name":"wp","href":"https:\/\/api.w.org\/{rel}","templated":true}]}}